{"id":4262,"date":"2025-08-07T10:10:14","date_gmt":"2025-08-07T10:10:14","guid":{"rendered":"https:\/\/mfprofissional.com\/loja-online\/sin%20categor\u00eda\/creme-facial-mel-cafe\/"},"modified":"2025-08-07T15:29:33","modified_gmt":"2025-08-07T15:29:33","slug":"crema-facial-de-miel-y-cafe","status":"publish","type":"product","link":"https:\/\/mfprofissional.com\/es\/tienda-en-linea\/home-care-rostro\/crema-facial-de-miel-y-cafe\/","title":{"rendered":"Crema facial de miel y caf\u00e9"},"content":{"rendered":"<p>Envase: 100 ml<\/p>\n<p>Recomendaciones:<\/p>\n<p>Conservar en un lugar fresco y seco.<br \/>\nMantener fuera del alcance de los ni\u00f1os.<br \/>\nProteger de la luz y el calor.<\/p>\n","protected":false},"excerpt":{"rendered":"<p>Dise\u00f1ado para uso diario en todo tipo de piel, su f\u00f3rmula equilibrante proporciona hidrataci\u00f3n y nutrici\u00f3n intensas sin dejar la piel grasosa.<br \/>\nRico en antioxidantes, es excelente para prevenir el envejecimiento prematuro.<br \/>\nLa piel queda hidratada, protegida, uniforme y radiante. Contiene protector solar.<\/p>\n","protected":false},"featured_media":4249,"template":"","meta":[],"product_brand":[],"product_cat":[116],"product_tag":[],"class_list":{"0":"post-4262","1":"product","2":"type-product","3":"status-publish","4":"has-post-thumbnail","6":"product_cat-home-care-rostro","8":"first","9":"outofstock","10":"taxable","11":"shipping-taxable","12":"product-type-simple"},"etheme_brands":{"errors":{"invalid_taxonomy":["Taxonom\u00eda no v\u00e1lida."]},"error_data":[]},"_links":{"self":[{"href":"https:\/\/mfprofissional.com\/es\/wp-json\/wp\/v2\/product\/4262","targetHints":{"allow":["GET"]}}],"collection":[{"href":"https:\/\/mfprofissional.com\/es\/wp-json\/wp\/v2\/product"}],"about":[{"href":"https:\/\/mfprofissional.com\/es\/wp-json\/wp\/v2\/types\/product"}],"version-history":[{"count":1,"href":"https:\/\/mfprofissional.com\/es\/wp-json\/wp\/v2\/product\/4262\/revisions"}],"predecessor-version":[{"id":4270,"href":"https:\/\/mfprofissional.com\/es\/wp-json\/wp\/v2\/product\/4262\/revisions\/4270"}],"wp:featuredmedia":[{"embeddable":true,"href":"https:\/\/mfprofissional.com\/es\/wp-json\/wp\/v2\/media\/4249"}],"wp:attachment":[{"href":"https:\/\/mfprofissional.com\/es\/wp-json\/wp\/v2\/media?parent=4262"}],"wp:term":[{"taxonomy":"product_brand","embeddable":true,"href":"https:\/\/mfprofissional.com\/es\/wp-json\/wp\/v2\/product_brand?post=4262"},{"taxonomy":"product_cat","embeddable":true,"href":"https:\/\/mfprofissional.com\/es\/wp-json\/wp\/v2\/product_cat?post=4262"},{"taxonomy":"product_tag","embeddable":true,"href":"https:\/\/mfprofissional.com\/es\/wp-json\/wp\/v2\/product_tag?post=4262"}],"curies":[{"name":"wp","href":"https:\/\/api.w.org\/{rel}","templated":true}]}}

https://mfprofissional.com/loja-online/sin%20categoría/creme-facial-mel-cafe/

Crema facial de miel y café

<p>Envase: 100 ml</p>
<p>Recomendaciones:</p>
<p>Conservar en un lugar fresco y seco.<br />
Mantener fuera del alcance de los niños.<br />
Proteger de la luz y el calor.</p>

<p>Diseñado para uso diario en todo tipo de piel, su fórmula equilibrante proporciona hidratación y nutrición intensas sin dejar la piel grasosa.<br />
Rico en antioxidantes, es excelente para prevenir el envejecimiento prematuro.<br />
La piel queda hidratada, protegida, uniforme y radiante. Contiene protector solar.</p>

Taxonomía no válida.
